ime factors of 1302?
2, 3, 7, 31
List the prime factors of 67842.
2, 3, 3769
What are the prime factors of 717?
3, 239
What are the prime factors of 215?
5, 43
List the prime factors of 870.
2, 3, 5, 29
What are the prime factors of 10506?
2, 3, 17, 103
What are the prime factors of 7112?
2, 7, 127
List the prime factors of 11340.
2, 3, 5, 7
List the prime factors of 406.
2, 7, 29
What are the prime factors of 13121?
13121
What are the prime factors of 1792?
2, 7
List the prime factors of 60755.
5, 29, 419
List the prime factors of 43996.
2, 17, 647
List the prime factors of 45492.
2, 3, 17, 223
What are the prime factors of 10194?
2, 3, 1699
What are the prime factors of 2673?
3, 11
What are the prime factors of 2122?
2, 1061
List the prime factors of 3353.
7, 479
List the prime factors of 8334.
2, 3, 463
What are the prime factors of 55699?
7, 73, 109
List the prime factors of 9173.
9173
List the prime factors of 34933.
181, 193
What are the prime factors of 864?
2, 3
List the prime factors of 10389.
3, 3463
List the prime factors of 10666.
2, 5333
What are the prime factors of 1605?
3, 5, 107
List the prime factors of 638.
2, 11, 29
List the prime factors of 884.
2, 13, 17
What are the prime factors of 12666?
2, 3, 2111
What are the prime factors of 1142?
2, 571
List the prime factors of 834.
2, 3, 139
List the prime factors of 13551.
3, 4517
List the prime factors of 44776.
2, 29, 193
What are the prime factors of 24920?
2, 5, 7, 89
List the prime factors of 1533.
3, 7, 73
What are the prime factors of 37035?
3, 5, 823
What are the prime factors of 31?
31
What are the prime factors of 18878?
2, 9439
What are the prime factors of 1127?
7, 23
List the prime factors of 114.
2, 3, 19
List the prime factors of 22464.
2, 3, 13
What are the prime factors of 1053?
3, 13
List the prime factors of 2615.
5, 523
What are the prime factors of 3189?
3, 1063
List the prime factors of 2601.
3, 17
What are the prime factors of 15400?
2, 5, 7, 11
What are the prime factors of 16743?
3, 5581
What are the prime factors of 17414?
2, 8707
List the prime factors of 44412.
2, 3, 3701
What are the prime factors of 11642?
2, 5821
What are the prime factors of 20644?
2, 13, 397
What are the prime factors of 1275?
3, 5, 17
List the prime factors of 28.
2, 7
What are the prime factors of 26971?
7, 3853
List the prime factors of 2122.
2, 1061
What are the prime factors of 32585?
5, 7, 19
What are the prime factors of 1606?
2, 11, 73
List the prime factors of 2787.
3, 929
What are the prime factors of 11480?
2, 5, 7, 41
List the prime factors of 586.
2, 293
What are the prime factors of 15304?
2, 1913
List the prime factors of 5929.
7, 11
List the prime factors of 4011.
3, 7, 191
What are the prime factors of 179?
179
What are the prime factors of 2001?
3, 23, 29
What are the prime factors of 2035?
5, 11, 37
List the prime factors of 3155.
5, 631
What are the prime factors of 722?
2, 19
List the prime factors of 37011.
3, 13, 73
What are the prime factors of 667?
23, 29
What are the prime factors of 1691?
19, 89
List the prime factors of 2688.
2, 3, 7
What are the prime factors of 399?
3, 7, 19
List the prime factors of 798.
2, 3, 7, 19
List the prime factors of 636.
2, 3, 53
List the prime factors of 53611.
53611
List the prime factors of 4152.
2, 3, 173
What are the prime factors of 2022?
2, 3, 337
List the prime factors of 63966.
2, 3, 7, 1523
List the prime factors of 4173.
3, 13, 107
What are the prime factors of 146115?
3, 5, 17, 191
List the prime factors of 11407.
11, 17, 61
What are the prime factors of 346?
2, 173
List the prime factors of 100975.
5, 7, 577
List the prime factors of 2981.
11, 271
What are the prime factors of 3251?
3251
List the prime factors of 18274.
2, 9137
List the prime factors of 65372.
2, 59, 277
List the prime factors of 3354.
2, 3, 13, 43
List the prime factors of 117989.
117989
What are the prime factors of 14497?
7, 19, 109
What are the prime factors of 8776?
2, 1097
What are the prime factors of 2455?
5, 491
List the prime factors of 35521.
35521
What are the prime factors of 34432?
2, 269
List the prime factors of 27345.
3, 5, 1823
List the prime factors of 1632.
2, 3, 17
What are the prime factors of 99?
3, 11
List the prime factors of 610.
2, 5, 61
What are the prime factors of 1403?
23, 61
List the prime factors of 475.
5, 19
What are the prime factors of 127774?
2, 29, 2203
What are the prime factors of 312?
2, 3, 13
What are the prime factors of 1583?
1583
List the prime factors of 9913.
23, 431
What are the prime factors of 11326?
2, 7, 809
What are the prime factors of 132789?
3, 44263
What are the prime factors of 487?
487
List the prime factors of 9420.
2, 3, 5, 157
What are the prime factors of 36721?
36721
List the prime factors of 9986.
2, 4993
List the prime factors of 2790.
2, 3, 5, 31
What are the prime factors of 975?
3, 5, 13
What are the prime factors of 1964?
2, 491
List the prime factors of 1113.
3, 7, 53
List the prime factors of 196.
2, 7
List the prime factors of 879.
3, 293
What are the prime factors of 2502?
2, 3, 139
What are the prime factors of 5012?
2, 7, 179
What are the prime factors of 97349?
7, 13907
What are the prime factors of 10270?
2, 5, 13, 79
What are the prime factors of 931?
7, 19
What are the prime factors of 9269?
13, 23, 31
List the prime factors of 235.
5, 47
List the prime factors of 11825.
5, 11, 43
List the prime factors of 23657.
41, 577
What are the prime factors of 1055?
5, 211
What are the prime factors of 5961?
3, 1987
List the prime factors of 4133.
4133
List the prime factors of 20415.
3, 5, 1361
What are the prime factors of 17320?
2, 5, 433
What are the prime factors of 22199?
79, 281
What are the prime factors of 36319?
36319
What are the prime factors of 102810?
2, 3, 5, 23, 149
List the prime factors of 5952.
2, 3, 31
What are the prime factors of 121?
11
List the prime factors of 1685.
5, 337
What are the prime factors of 46484?
2, 11621
List the prime factors of 20383.
11, 17, 109
What are the prime factors of 44008?
2, 5501
What are the prime factors of 34?
2, 17
What are the prime factors of 4064?
2, 127
List the prime factors of 5708.
2, 1427
List the prime factors of 65407.
65407
List the prime factors of 2083.
2083
What are the prime factors of 32049?
3, 1187
What are the prime factors of 1202?
2, 601
List the prime factors of 64142.
2, 13, 2467
What are the prime factors of 238?
2, 7, 17
List the prime factors of 423.
3, 47
What are the prime factors of 10862?
2, 5431
List the prime factors of 73540.
2, 5, 3677
List the prime factors of 5091.
3, 1697
What are the prime factors of 6650?
2, 5, 7, 19
What are the prime factors of 17524?
2, 13, 337
What are the prime factors of 1725?
3, 5, 23
List the prime factors of 13977.
3, 1553
What are the prime factors of 31093?
17, 31, 59
What are the prime factors of 916?
2, 229
List the prime factors of 1721.
1721
List the prime factors of 3724.
2, 7, 19
List the prime factors of 10350.
2, 3, 5, 23
List the prime factors of 8145.
3, 5, 181
What are the prime factors of 636?
2, 3, 53
List the prime factors of 99185.
5, 83, 239
List the prime factors of 161904.
2, 3, 3373
List the prime factors of 1451.
1451
List the prime factors of 879.
3, 293
List the prime factors of 146.
2, 73
What are the prime factors of 7023?
3, 2341
List the prime factors of 1216.
2, 19
What are the prime factors of 600?
2, 3, 5
What are the prime factors of 101645?
5, 29, 701
What are the prime factors of 124298?
2, 19, 3271
What are the prime factors of 3654?
2, 3, 7, 29
List the prime factors of 2519.
11, 229
List the prime factors of 1027.
13, 79
List the prime factors of 2404.
2, 601
What are the prime factors of 2988?
2, 3, 83
List the prime factors of 3803.
3803
List the prime factors of 3061.
3061
List the prime factors of 8587.
31, 277
List the prime factors of 20243.
31, 653
List the prime factors of 4585.
5, 7, 131
List the prime factors of 16772.
2, 7, 599
What are the prime factors of 3129?
3, 7, 149
List the prime factors of 3210.
2, 3, 5, 107
What are the prime factors of 7328?
2, 229
What are the prime factors of 143?
11, 13
List the prime factors of 1366.
2, 683
What are the prime factors of 5746?
2, 13, 17
What are the prime fa